{"id":371,"date":"2017-01-18T15:48:41","date_gmt":"2017-01-18T21:48:41","guid":{"rendered":"http:\/\/www.fedecaces.com\/site\/?page_id=371"},"modified":"2020-01-13T14:38:46","modified_gmt":"2020-01-13T20:38:46","slug":"acodjar-de-r-l","status":"publish","type":"page","link":"https:\/\/www.fedecaces.com\/site\/red-de-cooperativas\/directorio-de-cooperativas\/acodjar-de-r-l\/","title":{"rendered":"ACODJAR DE R.L."},"content":{"rendered":"[et_pb_section fb_built=\u00bb1&#8243; custom_padding_last_edited=\u00bbon|desktop\u00bb admin_label=\u00bbsection\u00bb _builder_version=\u00bb3.22&#8243; custom_padding=\u00bb0px|0px|0px|0px\u00bb custom_padding_tablet=\u00bb50px|0|50px|0&#8243; custom_padding_phone=\u00bb\u00bb transparent_background=\u00bboff\u00bb padding_mobile=\u00bboff\u00bb][et_pb_row use_custom_gutter=\u00bbon\u00bb gutter_width=\u00bb1&#8243; padding_mobile=\u00bboff\u00bb make_equal=\u00bbon\u00bb column_padding_mobile=\u00bbon\u00bb admin_label=\u00bbrow\u00bb module_class=\u00bb et_pb_row_fullwidth\u00bb _builder_version=\u00bb3.25&#8243; background_size=\u00bbinitial\u00bb background_position=\u00bbtop_left\u00bb background_repeat=\u00bbrepeat\u00bb width=\u00bb100%\u00bb width_tablet=\u00bb100%\u00bb width_last_edited=\u00bbon|desktop\u00bb max_width=\u00bb100%\u00bb max_width_tablet=\u00bb100%\u00bb max_width_last_edited=\u00bbon|desktop\u00bb custom_padding=\u00bb0px|0px|0px|0px\u00bb make_fullwidth=\u00bbon\u00bb column_structure=\u00bb2_3,1_3&#8243;][et_pb_column type=\u00bb2_3&#8243; _builder_version=\u00bb3.25&#8243; custom_padding=\u00bb|||\u00bb custom_padding__hover=\u00bb|||\u00bb][et_pb_text admin_label=\u00bbNombre\u00bb _builder_version=\u00bb3.27.4&#8243; background_size=\u00bbinitial\u00bb background_position=\u00bbtop_left\u00bb background_repeat=\u00bbrepeat\u00bb custom_padding=\u00bb35px|35px|35px|35px\u00bb use_border_color=\u00bboff\u00bb border_style=\u00bbsolid\u00bb]\n<h1>ACODJAR DE R.L.<\/h1>\n[\/et_pb_text][et_pb_map address=\u00bbEl Salvador\u00bb zoom_level=\u00bb10&#8243; address_lat=\u00bb13.7549422429&#8243; address_lng=\u00bb-88.8134458936&#8243; mouse_wheel=\u00bboff\u00bb admin_label=\u00bbMapa\u00bb _builder_version=\u00bb4.0.7&#8243; hover_enabled=\u00bb0&#8243;][et_pb_map_pin title=\u00bbCojutepeque, Caba\u00f1as\u00bb pin_address=\u00bbCojutepeque, El Salvador\u00bb pin_address_lat=\u00bb13.7208503&#8243; pin_address_lng=\u00bb-88.93659760000003&#8243; _builder_version=\u00bb3.0.47&#8243;]\n<p>Tel\u00e9fono: 2333 7400<br \/>\nFax: 2333-7406<br \/>\nEmail: j<a href=\"mailto:oanna.lopez@acodjar.com\">oanna.lopez@acodjar.com<\/a><\/p>\n[\/et_pb_map_pin][et_pb_map_pin title=\u00bbIlobasco, Caba\u00f1as\u00bb pin_address=\u00bbUnnamed Road, Ilobasco, El Salvador\u00bb pin_address_lat=\u00bb13.841337653612891&#8243; pin_address_lng=\u00bb-88.85189096773684&#8243; _builder_version=\u00bb3.0.47&#8243;]\n<p>Tel\u00e9fono: 2347 0900<br \/>\nFax: 2384 3802<br \/>\nEmail: <a href=\"mailto:amilcar.abarca@acodjar.com\">amilcar.abarca@acodjar.com<\/a><\/p>\n<p>\u00a0<\/p>\n[\/et_pb_map_pin][et_pb_map_pin title=\u00bbSan Salvador, San Salvador\u00bb pin_address=\u00bbSan Salvador, El Salvador\u00bb pin_address_lat=\u00bb13.6929403&#8243; pin_address_lng=\u00bb-89.21819110000001&#8243; _builder_version=\u00bb3.0.47&#8243;]\n<p>Tel\u00e9fono: 2260 7874<br \/>\nFax: 2260 8523<br \/>\nEmail: <a href=\"mailto:monica.azmitia@acodjar.com\">monica.azmitia@acodjar.com<\/a><\/p>\n[\/et_pb_map_pin][et_pb_map_pin title=\u00bbSan Sebasti\u00e1n, San Vicente\u00bb pin_address=\u00bbSan Sebasti\u00e1n, El Salvador\u00bb pin_address_lat=\u00bb13.7232155&#8243; pin_address_lng=\u00bb-88.81909710000002&#8243; _builder_version=\u00bb3.0.47&#8243;]\n<p>Tel\u00e9fono: 2333 9134<br \/>\nFax: 2333 9134 ext. 156<br \/>\nEmail: <a href=\"mailto:david.flores@acodjar.com\">david.flores@acodjar.com<\/a><\/p>\n[\/et_pb_map_pin][et_pb_map_pin title=\u00bbSan Vicente, San Vicente\u00bb pin_address=\u00bbSan Vicente, El Salvador\u00bb pin_address_lat=\u00bb13.6390979&#8243; pin_address_lng=\u00bb-88.78306120000002&#8243; _builder_version=\u00bb3.0.47&#8243;]\n<p>Tel\u00e9fono: 2399 0900<br \/>\nFax: 2399-0911<br \/>\nEmail: <a href=\"mailto:anlucia.quintanilla@acodjar.com\">anlucia.quintanilla@acodjar.com<\/a><\/p>\n[\/et_pb_map_pin][et_pb_map_pin title=\u00bbNombre de Jes\u00fas, Chalatenango.\u00bb pin_address=\u00bbNombre de Jes\u00fas, El Salvador\u00bb pin_address_lat=\u00bb14.0082761&#8243; pin_address_lng=\u00bb-88.7289492&#8243; _builder_version=\u00bb3.0.47&#8243;]\n<p>Tel\u00e9fono:\u00a02309-7417 \/ 2309-7418<\/p>\n[\/et_pb_map_pin][et_pb_map_pin title=\u00bbCiudad Victoria, Caba\u00f1as.\u00bb pin_address=\u00bbVictoria, El Salvador\u00bb pin_address_lat=\u00bb13.9497515&#8243; pin_address_lng=\u00bb-88.63499&#8243; _builder_version=\u00bb3.0.47&#8243;]\n<p>Tel\u00e9fono:\u00a02389-3554 \/ 23893556<\/p>\n[\/et_pb_map_pin][et_pb_map_pin title=\u00bbSan Esteban Catarina, San Vicente.\u00bb pin_address=\u00bbSan Esteban Catarina, El Salvador\u00bb pin_address_lat=\u00bb13.6868818&#8243; pin_address_lng=\u00bb-88.7890694&#8243; _builder_version=\u00bb3.0.47&#8243;]\n<p>Tel\u00e9fono:\u00a023627586 23627587<\/p>\n[\/et_pb_map_pin][et_pb_map_pin title=\u00bbCiudad Dolores, San Vicente.\u00bb pin_address=\u00bbDolores, El Salvador\u00bb pin_address_lat=\u00bb13.7783487&#8243; pin_address_lng=\u00bb-88.5649874&#8243; _builder_version=\u00bb3.0.47&#8243;]\n<p>Tel\u00e9fono:\u00a02399-0901 \/ 2393-6214<\/p>\n[\/et_pb_map_pin][et_pb_map_pin _builder_version=\u00bb4.0.7&#8243; title=\u00bbSensuntepeque, Caba\u00f1as\u00bb zoom_level=\u00bb20&#8243; pin_address_lat=\u00bb13.872564303978&#8243; pin_address_lng=\u00bb-88.628377318382&#8243; pin_address=\u00bb1a Avenida Sur, Sensuntepeque, El Salvador\u00bb hover_enabled=\u00bb0&#8243;]\n<p>Calle Dr. Jes\u00fas Velasco y, 1a Avenida Sur # 11, Sensuntepeque.<\/p>\n[\/et_pb_map_pin][\/et_pb_map][et_pb_contact_form email=\u00bbjoanna.lopez@acodjar.com\u00bb title=\u00bbEnviar un mensaje\u00bb admin_label=\u00bbFormulario de contacto\u00bb module_id=\u00bbet_pb_contact_form_0&#8243; _builder_version=\u00bb3.0.87&#8243; custom_css_main_element=\u00bbpadding: 50px;\u00bb border_radii=\u00bbon|0px|0px|0px|0px\u00bb use_border_color=\u00bboff\u00bb border_color=\u00bb#ffffff\u00bb border_width=\u00bb1px\u00bb border_style=\u00bbsolid\u00bb input_border_radius=\u00bb0&#8243;][et_pb_contact_field field_id=\u00bbNombre\u00bb field_title=\u00bbNombre\u00bb fullwidth_field=\u00bbon\u00bb _builder_version=\u00bb3.16&#8243; form_field_font=\u00bb||||\u00bb border_radii=\u00bbon|0px|0px|0px|0px\u00bb use_border_color=\u00bboff\u00bb border_style=\u00bbsolid\u00bb input_border_radius=\u00bb0&#8243; button_text_size__hover_enabled=\u00bboff\u00bb button_one_text_size__hover_enabled=\u00bboff\u00bb button_two_text_size__hover_enabled=\u00bboff\u00bb button_text_color__hover_enabled=\u00bboff\u00bb button_one_text_color__hover_enabled=\u00bboff\u00bb button_two_text_color__hover_enabled=\u00bboff\u00bb button_border_width__hover_enabled=\u00bboff\u00bb button_one_border_width__hover_enabled=\u00bboff\u00bb button_two_border_width__hover_enabled=\u00bboff\u00bb button_border_color__hover_enabled=\u00bboff\u00bb button_one_border_color__hover_enabled=\u00bboff\u00bb button_two_border_color__hover_enabled=\u00bboff\u00bb button_border_radius__hover_enabled=\u00bboff\u00bb button_one_border_radius__hover_enabled=\u00bboff\u00bb button_two_border_radius__hover_enabled=\u00bboff\u00bb button_letter_spacing__hover_enabled=\u00bboff\u00bb button_one_letter_spacing__hover_enabled=\u00bboff\u00bb button_two_letter_spacing__hover_enabled=\u00bboff\u00bb button_bg_color__hover_enabled=\u00bboff\u00bb button_one_bg_color__hover_enabled=\u00bboff\u00bb button_two_bg_color__hover_enabled=\u00bboff\u00bb] [\/et_pb_contact_field][et_pb_contact_field field_id=\u00bbTelefono\u00bb field_title=\u00bbTel\u00e9fono\u00bb _builder_version=\u00bb3.16&#8243; form_field_font=\u00bb||||\u00bb border_radii=\u00bbon|0px|0px|0px|0px\u00bb use_border_color=\u00bboff\u00bb border_style=\u00bbsolid\u00bb input_border_radius=\u00bb0&#8243; button_text_size__hover_enabled=\u00bboff\u00bb button_one_text_size__hover_enabled=\u00bboff\u00bb button_two_text_size__hover_enabled=\u00bboff\u00bb button_text_color__hover_enabled=\u00bboff\u00bb button_one_text_color__hover_enabled=\u00bboff\u00bb button_two_text_color__hover_enabled=\u00bboff\u00bb button_border_width__hover_enabled=\u00bboff\u00bb button_one_border_width__hover_enabled=\u00bboff\u00bb button_two_border_width__hover_enabled=\u00bboff\u00bb button_border_color__hover_enabled=\u00bboff\u00bb button_one_border_color__hover_enabled=\u00bboff\u00bb button_two_border_color__hover_enabled=\u00bboff\u00bb button_border_radius__hover_enabled=\u00bboff\u00bb button_one_border_radius__hover_enabled=\u00bboff\u00bb button_two_border_radius__hover_enabled=\u00bboff\u00bb button_letter_spacing__hover_enabled=\u00bboff\u00bb button_one_letter_spacing__hover_enabled=\u00bboff\u00bb button_two_letter_spacing__hover_enabled=\u00bboff\u00bb button_bg_color__hover_enabled=\u00bboff\u00bb button_one_bg_color__hover_enabled=\u00bboff\u00bb button_two_bg_color__hover_enabled=\u00bboff\u00bb] [\/et_pb_contact_field][et_pb_contact_field field_id=\u00bbEmail\u00bb field_title=\u00bbDirecci\u00f3n de correo electr\u00f3nico\u00bb field_type=\u00bbemail\u00bb _builder_version=\u00bb3.16&#8243; form_field_font=\u00bb||||\u00bb border_radii=\u00bbon|0px|0px|0px|0px\u00bb use_border_color=\u00bboff\u00bb border_style=\u00bbsolid\u00bb input_border_radius=\u00bb0&#8243; button_text_size__hover_enabled=\u00bboff\u00bb button_one_text_size__hover_enabled=\u00bboff\u00bb button_two_text_size__hover_enabled=\u00bboff\u00bb button_text_color__hover_enabled=\u00bboff\u00bb button_one_text_color__hover_enabled=\u00bboff\u00bb button_two_text_color__hover_enabled=\u00bboff\u00bb button_border_width__hover_enabled=\u00bboff\u00bb button_one_border_width__hover_enabled=\u00bboff\u00bb button_two_border_width__hover_enabled=\u00bboff\u00bb button_border_color__hover_enabled=\u00bboff\u00bb button_one_border_color__hover_enabled=\u00bboff\u00bb button_two_border_color__hover_enabled=\u00bboff\u00bb button_border_radius__hover_enabled=\u00bboff\u00bb button_one_border_radius__hover_enabled=\u00bboff\u00bb button_two_border_radius__hover_enabled=\u00bboff\u00bb button_letter_spacing__hover_enabled=\u00bboff\u00bb button_one_letter_spacing__hover_enabled=\u00bboff\u00bb button_two_letter_spacing__hover_enabled=\u00bboff\u00bb button_bg_color__hover_enabled=\u00bboff\u00bb button_one_bg_color__hover_enabled=\u00bboff\u00bb button_two_bg_color__hover_enabled=\u00bboff\u00bb] [\/et_pb_contact_field][et_pb_contact_field field_id=\u00bbMessage\u00bb field_title=\u00bbMensaje\u00bb field_type=\u00bbtext\u00bb fullwidth_field=\u00bbon\u00bb _builder_version=\u00bb3.16&#8243; border_radii=\u00bbon|0px|0px|0px|0px\u00bb input_border_radius=\u00bb0&#8243; button_text_size__hover_enabled=\u00bboff\u00bb button_one_text_size__hover_enabled=\u00bboff\u00bb button_two_text_size__hover_enabled=\u00bboff\u00bb button_text_color__hover_enabled=\u00bboff\u00bb button_one_text_color__hover_enabled=\u00bboff\u00bb button_two_text_color__hover_enabled=\u00bboff\u00bb button_border_width__hover_enabled=\u00bboff\u00bb button_one_border_width__hover_enabled=\u00bboff\u00bb button_two_border_width__hover_enabled=\u00bboff\u00bb button_border_color__hover_enabled=\u00bboff\u00bb button_one_border_color__hover_enabled=\u00bboff\u00bb button_two_border_color__hover_enabled=\u00bboff\u00bb button_border_radius__hover_enabled=\u00bboff\u00bb button_one_border_radius__hover_enabled=\u00bboff\u00bb button_two_border_radius__hover_enabled=\u00bboff\u00bb button_letter_spacing__hover_enabled=\u00bboff\u00bb button_one_letter_spacing__hover_enabled=\u00bboff\u00bb button_two_letter_spacing__hover_enabled=\u00bboff\u00bb button_bg_color__hover_enabled=\u00bboff\u00bb button_one_bg_color__hover_enabled=\u00bboff\u00bb button_two_bg_color__hover_enabled=\u00bboff\u00bb] [\/et_pb_contact_field][\/et_pb_contact_form][\/et_pb_column][et_pb_column type=\u00bb1_3&#8243; _builder_version=\u00bb3.25&#8243; background_color=\u00bb#006055&#8243; background_image=\u00bbhttp:\/\/www.fedecaces.com\/site\/wp-content\/uploads\/2017\/01\/fondo-esquema-cooperativa.png\u00bb custom_padding=\u00bb35px|35px|35px|35px\u00bb custom_padding__hover=\u00bb|||\u00bb][et_pb_blurb title=\u00bbAgencia Central \u00bb use_icon=\u00bbon\u00bb font_icon=\u00bb%%102%%\u00bb icon_color=\u00bb#ffffff\u00bb icon_placement=\u00bbleft\u00bb admin_label=\u00bbFundaci\u00f3n\u00bb _builder_version=\u00bb4.0.7&#8243; background_size=\u00bbinitial\u00bb background_position=\u00bbtop_left\u00bb background_repeat=\u00bbrepeat\u00bb background_layout=\u00bbdark\u00bb custom_margin=\u00bb||35px|\u00bb animation=\u00bbleft\u00bb hover_enabled=\u00bb0&#8243; use_border_color=\u00bboff\u00bb border_color=\u00bb#ffffff\u00bb border_width=\u00bb1px\u00bb border_style=\u00bbsolid\u00bb]\n<p>Calle Dr. Jos\u00e9 Antonio Ru\u00edz<br \/>Barrio San Jos\u00e9<br \/>San Sebasti\u00e1n, San Vicente.<\/p>\n[\/et_pb_blurb][et_pb_blurb title=\u00bbE-mail\u00bb url=\u00bbmailto:joanna.lopez@acodjar.com\u00bb url_new_window=\u00bbon\u00bb use_icon=\u00bbon\u00bb font_icon=\u00bb%%153%%\u00bb icon_color=\u00bb#ffffff\u00bb icon_placement=\u00bbleft\u00bb admin_label=\u00bbE-mail\u00bb _builder_version=\u00bb3.0.87&#8243; background_size=\u00bbinitial\u00bb background_position=\u00bbtop_left\u00bb background_repeat=\u00bbrepeat\u00bb background_layout=\u00bbdark\u00bb custom_margin=\u00bb||35px|\u00bb animation=\u00bbleft\u00bb use_border_color=\u00bboff\u00bb border_color=\u00bb#ffffff\u00bb border_width=\u00bb1px\u00bb border_style=\u00bbsolid\u00bb]joanna.lopez@acodjar.com<br \/>\n[\/et_pb_blurb][et_pb_blurb title=\u00bbSitio Web\u00bb url=\u00bbhttp:\/\/www.acodjar.com\/\u00bb url_new_window=\u00bbon\u00bb use_icon=\u00bbon\u00bb font_icon=\u00bb%%136%%\u00bb icon_color=\u00bb#ffffff\u00bb icon_placement=\u00bbleft\u00bb admin_label=\u00bbSitio Web\u00bb _builder_version=\u00bb3.0.87&#8243; background_size=\u00bbinitial\u00bb background_position=\u00bbtop_left\u00bb background_repeat=\u00bbrepeat\u00bb background_layout=\u00bbdark\u00bb custom_margin=\u00bb||35px|\u00bb animation=\u00bbleft\u00bb use_border_color=\u00bboff\u00bb border_color=\u00bb#ffffff\u00bb border_width=\u00bb1px\u00bb border_style=\u00bbsolid\u00bb]\n<p><a href=\"http:\/\/www.acodjar.com\/\">http:\/\/www.acodjar.com\/<\/a><\/p>\n[\/et_pb_blurb][et_pb_blurb title=\u00bbTel\u00e9fono\u00bb url_new_window=\u00bbon\u00bb use_icon=\u00bbon\u00bb font_icon=\u00bb\ue090\u00bb icon_color=\u00bb#ffffff\u00bb icon_placement=\u00bbleft\u00bb admin_label=\u00bbFacebook\u00bb _builder_version=\u00bb3.0.87&#8243; background_size=\u00bbinitial\u00bb background_position=\u00bbtop_left\u00bb background_repeat=\u00bbrepeat\u00bb background_layout=\u00bbdark\u00bb custom_margin=\u00bb||35px|\u00bb animation=\u00bbleft\u00bb use_border_color=\u00bboff\u00bb border_color=\u00bb#ffffff\u00bb border_width=\u00bb1px\u00bb border_style=\u00bbsolid\u00bb]\n<p><span style=\"color: #f2d331;\">2333-9134<\/span><\/p>\n[\/et_pb_blurb][et_pb_blurb title=\u00bbFacebook\u00bb url=\u00bbhttps:\/\/www.facebook.com\/Acodjar-de-RL-139489469442509\/timeline\/\u00bb url_new_window=\u00bbon\u00bb use_icon=\u00bbon\u00bb font_icon=\u00bb%%314%%\u00bb icon_color=\u00bb#ffffff\u00bb icon_placement=\u00bbleft\u00bb admin_label=\u00bbFacebook\u00bb _builder_version=\u00bb3.0.101&#8243; background_size=\u00bbinitial\u00bb background_position=\u00bbtop_left\u00bb background_repeat=\u00bbrepeat\u00bb background_layout=\u00bbdark\u00bb custom_margin=\u00bb||35px|\u00bb animation=\u00bbleft\u00bb use_border_color=\u00bboff\u00bb border_color=\u00bb#ffffff\u00bb border_width=\u00bb1px\u00bb border_style=\u00bbsolid\u00bb]\n<p><a href=\"https:\/\/www.facebook.com\/Acodjar\/\">https:\/\/www.facebook.com\/Acodjar\/<\/a>\u00a0<\/p>\n[\/et_pb_blurb][et_pb_blurb title=\u00bbTwitter\u00bb url=\u00bbhttps:\/\/twitter.com\/acodjarderl\u00bb url_new_window=\u00bbon\u00bb use_icon=\u00bbon\u00bb font_icon=\u00bb\ue0ab\u00bb icon_color=\u00bb#ffffff\u00bb icon_placement=\u00bbleft\u00bb admin_label=\u00bbFacebook\u00bb _builder_version=\u00bb3.0.87&#8243; background_size=\u00bbinitial\u00bb background_position=\u00bbtop_left\u00bb background_repeat=\u00bbrepeat\u00bb background_layout=\u00bbdark\u00bb custom_margin=\u00bb||35px|\u00bb animation=\u00bbleft\u00bb use_border_color=\u00bboff\u00bb border_color=\u00bb#ffffff\u00bb border_width=\u00bb1px\u00bb border_style=\u00bbsolid\u00bb] [\/et_pb_blurb][et_pb_blurb title=\u00bbYouTube\u00bb url=\u00bbhttps:\/\/www.youtube.com\/channel\/UCOPpRJ2qusuZwZOFpHSigCw\u00bb url_new_window=\u00bbon\u00bb use_icon=\u00bbon\u00bb font_icon=\u00bb\ue0ba\u00bb icon_color=\u00bb#ffffff\u00bb icon_placement=\u00bbleft\u00bb admin_label=\u00bbFacebook\u00bb _builder_version=\u00bb3.0.101&#8243; background_size=\u00bbinitial\u00bb background_position=\u00bbtop_left\u00bb background_repeat=\u00bbrepeat\u00bb background_layout=\u00bbdark\u00bb custom_margin=\u00bb||35px|\u00bb animation=\u00bbleft\u00bb use_border_color=\u00bboff\u00bb border_color=\u00bb#ffffff\u00bb border_width=\u00bb1px\u00bb border_style=\u00bbsolid\u00bb]\n<p><a href=\"https:\/\/www.youtube.com\/channel\/UCOPpRJ2qusuZwZOFpHSigCw\">https:\/\/www.youtube.com\/channel\/UCOPpRJ2qusuZwZOFpHSigCw<\/a>\u00a0<\/p>\n[\/et_pb_blurb][\/et_pb_column][\/et_pb_row][\/et_pb_section]\n","protected":false},"excerpt":{"rendered":"<p>ACODJAR DE R.L. Tel\u00e9fono: 2333 7400 Fax: 2333-7406 Email: joanna.lopez@acodjar.comTel\u00e9fono: 2347 0900 Fax: 2384 3802 Email: amilcar.abarca@acodjar.com \u00a0Tel\u00e9fono: 2260 7874 Fax: 2260 8523 Email: monica.azmitia@acodjar.comTel\u00e9fono: 2333 9134 Fax: 2333 9134 ext. 156 Email: david.flores@acodjar.comTel\u00e9fono: 2399 0900 Fax: 2399-0911 Email: anlucia.quintanilla@acodjar.comTel\u00e9fono:\u00a02309-7417 \/ 2309-7418Tel\u00e9fono:\u00a02389-3554 \/ 23893556Tel\u00e9fono:\u00a023627586 23627587Tel\u00e9fono:\u00a02399-0901 \/ 2393-6214Calle Dr. Jes\u00fas Velasco y, 1a Avenida Sur # [&hellip;]<\/p>\n","protected":false},"author":1,"featured_media":0,"parent":95,"menu_order":0,"comment_status":"closed","ping_status":"closed","template":"","meta":{"_et_pb_use_builder":"on","_et_pb_old_content":"","_et_gb_content_width":"","footnotes":""},"class_list":["post-371","page","type-page","status-publish","hentry"],"_links":{"self":[{"href":"https:\/\/www.fedecaces.com\/site\/wp-json\/wp\/v2\/pages\/371","targetHints":{"allow":["GET"]}}],"collection":[{"href":"https:\/\/www.fedecaces.com\/site\/wp-json\/wp\/v2\/pages"}],"about":[{"href":"https:\/\/www.fedecaces.com\/site\/wp-json\/wp\/v2\/types\/page"}],"author":[{"embeddable":true,"href":"https:\/\/www.fedecaces.com\/site\/wp-json\/wp\/v2\/users\/1"}],"replies":[{"embeddable":true,"href":"https:\/\/www.fedecaces.com\/site\/wp-json\/wp\/v2\/comments?post=371"}],"version-history":[{"count":9,"href":"https:\/\/www.fedecaces.com\/site\/wp-json\/wp\/v2\/pages\/371\/revisions"}],"predecessor-version":[{"id":2521,"href":"https:\/\/www.fedecaces.com\/site\/wp-json\/wp\/v2\/pages\/371\/revisions\/2521"}],"up":[{"embeddable":true,"href":"https:\/\/www.fedecaces.com\/site\/wp-json\/wp\/v2\/pages\/95"}],"wp:attachment":[{"href":"https:\/\/www.fedecaces.com\/site\/wp-json\/wp\/v2\/media?parent=371"}],"curies":[{"name":"wp","href":"https:\/\/api.w.org\/{rel}","templated":true}]}}