{"id":76,"date":"2016-10-19T01:38:00","date_gmt":"2016-10-19T07:38:00","guid":{"rendered":"http:\/\/www.fedecaces.com\/site\/identidad-cooperativa\/"},"modified":"2017-02-09T15:11:17","modified_gmt":"2017-02-09T21:11:17","slug":"identidad-cooperativa","status":"publish","type":"page","link":"https:\/\/www.fedecaces.com\/site\/identidad-cooperativa\/","title":{"rendered":"Identidad Cooperativa"},"content":{"rendered":"[et_pb_section transparent_background=\u00bboff\u00bb allow_player_pause=\u00bboff\u00bb inner_shadow=\u00bboff\u00bb parallax=\u00bboff\u00bb parallax_method=\u00bbon\u00bb padding_mobile=\u00bboff\u00bb make_fullwidth=\u00bboff\u00bb use_custom_width=\u00bboff\u00bb width_unit=\u00bboff\u00bb custom_width_px=\u00bb1080px\u00bb custom_width_percent=\u00bb80%\u00bb make_equal=\u00bboff\u00bb use_custom_gutter=\u00bboff\u00bb fullwidth=\u00bbon\u00bb specialty=\u00bboff\u00bb admin_label=\u00bbSecci\u00f3n\u00bb disabled=\u00bboff\u00bb][et_pb_fullwidth_header title=\u00bb\u00bfQu\u00e9 es una Cooperativa?\u00bb background_layout=\u00bbdark\u00bb text_orientation=\u00bbcenter\u00bb header_fullscreen=\u00bboff\u00bb header_scroll_down=\u00bboff\u00bb scroll_down_icon=\u00bb%%3%%\u00bb background_color=\u00bb#333333&#8243; parallax=\u00bboff\u00bb parallax_method=\u00bboff\u00bb content_orientation=\u00bbcenter\u00bb image_orientation=\u00bbcenter\u00bb admin_label=\u00bb\u00bfQu\u00e9 es una Cooperativa?\u00bb title_font=\u00bb||||\u00bb title_font_size=\u00bb45px\u00bb subhead_font_size=\u00bb23px\u00bb content_font_size=\u00bb20px\u00bb custom_button_one=\u00bboff\u00bb button_one_text_size=\u00bb20&#8243; button_one_letter_spacing=\u00bb0&#8243; button_one_use_icon=\u00bbdefault\u00bb button_one_icon_placement=\u00bbright\u00bb button_one_on_hover=\u00bbon\u00bb button_one_letter_spacing_hover=\u00bb0&#8243; custom_button_two=\u00bboff\u00bb button_two_text_size=\u00bb20&#8243; button_two_letter_spacing=\u00bb0&#8243; button_two_use_icon=\u00bbdefault\u00bb button_two_icon_placement=\u00bbright\u00bb button_two_on_hover=\u00bbon\u00bb button_two_letter_spacing_hover=\u00bb0&#8243; disabled=\u00bboff\u00bb]\n<p style=\"text-align: justify;\">Es una asociaci&oacute;n aut&oacute;noma de personas que se han unido voluntariamente para hacer frente a sus necesidades y aspiraciones econ&oacute;micas, sociales y culturales comunes por medio de una empresa de propiedad conjunta y democr&aacute;ticamente controlada.<\/p>\n[\/et_pb_fullwidth_header][\/et_pb_section][et_pb_section background_image=\u00bbhttp:\/\/www.fedecaces.com\/site\/wp-content\/uploads\/2016\/10\/identidad-bg-historia.jpg\u00bb transparent_background=\u00bboff\u00bb allow_player_pause=\u00bboff\u00bb inner_shadow=\u00bboff\u00bb parallax=\u00bbon\u00bb parallax_method=\u00bbon\u00bb padding_mobile=\u00bboff\u00bb make_fullwidth=\u00bboff\u00bb use_custom_width=\u00bboff\u00bb width_unit=\u00bbon\u00bb custom_width_px=\u00bb1080px\u00bb custom_width_percent=\u00bb80%\u00bb make_equal=\u00bboff\u00bb use_custom_gutter=\u00bboff\u00bb fullwidth=\u00bboff\u00bb specialty=\u00bboff\u00bb admin_label=\u00bbsection\u00bb disabled=\u00bboff\u00bb][et_pb_row make_fullwidth=\u00bbon\u00bb use_custom_width=\u00bboff\u00bb width_unit=\u00bboff\u00bb custom_width_px=\u00bb1080px\u00bb custom_width_percent=\u00bb80%\u00bb use_custom_gutter=\u00bboff\u00bb gutter_width=\u00bb3&#8243; padding_mobile=\u00bboff\u00bb allow_player_pause=\u00bboff\u00bb parallax=\u00bboff\u00bb parallax_method=\u00bbon\u00bb make_equal=\u00bboff\u00bb column_padding_mobile=\u00bbon\u00bb parallax_1=\u00bboff\u00bb parallax_method_1=\u00bbon\u00bb parallax_2=\u00bboff\u00bb parallax_method_2=\u00bbon\u00bb parallax_3=\u00bboff\u00bb parallax_method_3=\u00bbon\u00bb parallax_4=\u00bboff\u00bb parallax_method_4=\u00bbon\u00bb admin_label=\u00bbrow\u00bb disabled=\u00bboff\u00bb][et_pb_column type=\u00bb1_4&#8243; disabled=\u00bboff\u00bb parallax=\u00bboff\u00bb parallax_method=\u00bbon\u00bb column_padding_mobile=\u00bbon\u00bb][\/et_pb_column][et_pb_column type=\u00bb1_2&#8243; disabled=\u00bboff\u00bb parallax=\u00bboff\u00bb parallax_method=\u00bbon\u00bb column_padding_mobile=\u00bbon\u00bb][et_pb_text background_layout=\u00bblight\u00bb text_orientation=\u00bbleft\u00bb admin_label=\u00bbHistoria\u00bb use_border_color=\u00bboff\u00bb border_style=\u00bbsolid\u00bb disabled=\u00bboff\u00bb]\n<h2>Historia del Cooperativismo<\/h2>\n<p style=\"text-align: justify;\">La idea y la pr&aacute;ctica de la Cooperaci&oacute;n aplicadas a la soluci&oacute;n de problemas econ&oacute;micos aparecen en las primeras etapas de la civilizaci&oacute;n. Muy pronto los hombres se dan cuenta de la necesidad de unirse con el fin de obtener los bienes y servicios indispensables. Los historiadores del cooperativismo est&aacute;n de acuerdo en se&ntilde;alar como antecedentes del sistema cooperativo, entre otros los siguientes:<\/p>\n<ul>\n<li style=\"text-align: justify;\">Las organizaciones para la explotaci&oacute;n de la tierra en com&uacute;n de los babilonios (Hans Muller)<\/li>\n<li style=\"text-align: justify;\">La colonia comunal mantenida por los Esenios en Ein Guedi, a las orillas del Mar Muerto<\/li>\n<li style=\"text-align: justify;\">Sociedades Funerarias y de seguros entre los griegos y los romanos.<\/li>\n<li style=\"text-align: justify;\">Los &ldquo;&aacute;gapes&rdquo; de los primeros cristianos como forma primitiva de las cooperativas (Lujo Brentano)<\/li>\n<li style=\"text-align: justify;\">Vida agraria entre los germanos (Otto Gierke)<\/li>\n<li style=\"text-align: justify;\">Organizaciones agrarias y de trabajo entre los pueblos eslavos: el Mir y el Artel entre los rusos, la Zadruga de los serbios.<\/li>\n<li style=\"text-align: justify;\">Organizaci&oacute;n del trabajo y de la producci&oacute;n en el Manoir medieval (De Brouckere)<\/li>\n<li style=\"text-align: justify;\">Agrupaciones de los campesinos para la transformaci&oacute;n de la leche: &ldquo;queser&iacute;as&rdquo; de los armenios y de los campesinos europeos de los Alpes, del Jura y del Saboya.<\/li>\n<li style=\"text-align: justify;\">Organizaciones para el cultivo de la tierra y el trabajo en las organizaciones precolombinas, principalmente entre los Incas y los aztecas. Tambi&eacute;n la Minga y el Convite.<\/li>\n<li style=\"text-align: justify;\">Las Reducciones de los jesuitas en el Paraguay<\/li>\n<li style=\"text-align: justify;\">Las Cajas de Comunidad en la &eacute;poca de la colonizaci&oacute;n espa&ntilde;ola en Am&eacute;rica.<\/li>\n<li style=\"text-align: justify;\">Las colonias con el car&aacute;cter religioso de los inmigrantes en Norte Am&eacute;rica<\/li>\n<\/ul>\n<p style=\"text-align: justify;\">Es necesario mencionar la &eacute;poca de la revoluci&oacute;n industrial ocurrida en Europa, especialmente en Gran Breta&ntilde;a, en el siglo que va desde 1750 a 1850 como una referencia hist&oacute;rica imprescindible. La revoluci&oacute;n industrial no fue solamente una revoluci&oacute;n pol&iacute;tica, fue principalmente una revoluci&oacute;n tecnol&oacute;gica influida por la utilizaci&oacute;n de algunos descubrimientos en la industria, entre ellos el del vapor aplicado a toda clase de maquinarias y el de la lanzadera y la hiladora mec&aacute;nica que transformaron la industria textil. La influencia de la revoluci&oacute;n industrial con sus caracter&iacute;sticas de desorden, sobre la clase trabajadora, produjo algunas reacciones cuyas consecuencias todav&iacute;a se pueden apreciar: la de los destructores de m&aacute;quinas, que fue duramente reprimida por el Estado, la del sindicalismo, la de los cartistas, o sea, aquella que se propuso lograr leyes favorables para el trabajador, y la que podemos denominar cooperativa&#8230;<\/p>\n[\/et_pb_text][et_pb_button button_url=\u00bbhttp:\/\/www.fedecaces.com\/site\/identidad-cooperativa\/historia-del-cooperativismo\/\u00bb url_new_window=\u00bboff\u00bb button_text=\u00bbSeguir leyendo\u00bb button_alignment=\u00bbcenter\u00bb background_layout=\u00bblight\u00bb admin_label=\u00bbBot\u00f3n\u00bb custom_button=\u00bboff\u00bb button_text_size=\u00bb20&#8243; button_letter_spacing=\u00bb0&#8243; button_use_icon=\u00bbdefault\u00bb button_icon_placement=\u00bbright\u00bb button_on_hover=\u00bbon\u00bb button_letter_spacing_hover=\u00bb0&#8243; disabled=\u00bboff\u00bb] [\/et_pb_button][\/et_pb_column][et_pb_column type=\u00bb1_4&#8243; disabled=\u00bboff\u00bb parallax=\u00bboff\u00bb parallax_method=\u00bbon\u00bb column_padding_mobile=\u00bbon\u00bb][\/et_pb_column][\/et_pb_row][\/et_pb_section][et_pb_section transparent_background=\u00bboff\u00bb background_color=\u00bb#006055&#8243; allow_player_pause=\u00bboff\u00bb inner_shadow=\u00bboff\u00bb parallax=\u00bboff\u00bb parallax_method=\u00bboff\u00bb padding_mobile=\u00bboff\u00bb make_fullwidth=\u00bboff\u00bb use_custom_width=\u00bboff\u00bb width_unit=\u00bbon\u00bb custom_width_px=\u00bb1080px\u00bb custom_width_percent=\u00bb80%\u00bb make_equal=\u00bboff\u00bb use_custom_gutter=\u00bboff\u00bb fullwidth=\u00bboff\u00bb specialty=\u00bboff\u00bb admin_label=\u00bbSecci\u00f3n\u00bb disabled=\u00bboff\u00bb][et_pb_row make_fullwidth=\u00bboff\u00bb use_custom_width=\u00bboff\u00bb width_unit=\u00bboff\u00bb custom_width_px=\u00bb1080px\u00bb custom_width_percent=\u00bb80%\u00bb use_custom_gutter=\u00bboff\u00bb gutter_width=\u00bb3&#8243; padding_mobile=\u00bboff\u00bb allow_player_pause=\u00bboff\u00bb parallax=\u00bboff\u00bb parallax_method=\u00bbon\u00bb make_equal=\u00bboff\u00bb column_padding_mobile=\u00bbon\u00bb parallax_1=\u00bboff\u00bb parallax_method_1=\u00bbon\u00bb parallax_2=\u00bboff\u00bb parallax_method_2=\u00bbon\u00bb parallax_3=\u00bboff\u00bb parallax_method_3=\u00bbon\u00bb parallax_4=\u00bboff\u00bb parallax_method_4=\u00bbon\u00bb admin_label=\u00bbFila\u00bb disabled=\u00bboff\u00bb][et_pb_column type=\u00bb4_4&#8243; disabled=\u00bboff\u00bb parallax=\u00bboff\u00bb parallax_method=\u00bbon\u00bb column_padding_mobile=\u00bbon\u00bb][et_pb_text background_layout=\u00bbdark\u00bb text_orientation=\u00bbleft\u00bb admin_label=\u00bbTexto\u00bb use_border_color=\u00bboff\u00bb border_style=\u00bbsolid\u00bb disabled=\u00bboff\u00bb]\n<h1>Historia de las Cooperativas en El Salvador<\/h1>\n<p>&nbsp;<\/p>\n<p>En el Salvador se escucha, por primera vez, del cooperativismo en forma te\u00f3rica, en una c\u00e1tedra de ense\u00f1anza, en la Facultad de Jurisprudencia y Ciencias Sociales de la Universidad Nacional. Fue en 1914, que se organiza la primera cooperativa, por un grupo de zapateros, en San Salvador en la cuesta del Palo Verde y en 1938, se funda La Cooperativa Algodonera.<\/p>\n<p>Luego, el cooperativismo lleg\u00f3 al gremio de los empleados p\u00fablicos, como un medio de defensa contra el agiotismo. Las cooperativas contaban con el apoyo del gobierno en turno, que aportaba capital inicial, pero los empleados identificaban el capital cedido por el gobierno, como propiedad de ellos y no creyeron que estaban obligados, por esa raz\u00f3n, a resarcir las cantidades que se les conced\u00edan en calidad de pr\u00e9stamo. As\u00ed bajo el surgimiento de secciones y departamentos en instituciones gubernamentales el sector inici\u00f3 su crecimiento hasta que el Estado decide centralizar este rol en una sola Instituci\u00f3n que dirija y coordine la actividad cooperativa en el pa\u00eds.<\/p>\n<p>Fue el 25 de noviembre de 1969 que la Asamblea Legislativa, promulg\u00f3 el decreto No 560 que dio pie a la creaci\u00f3n del INSAFOCOOP como una corporaci\u00f3n de derecho p\u00fablico con autonom\u00eda en los aspectos econ\u00f3mico y administrativo, ese mismo d\u00eda se promulga la primera Ley General de Asociaciones Cooperativas. A falta de presupuesto que permitiera su funcionamiento el INSAFOCOOP comenz\u00f3 a operar hasta el 1 de julio de 1971. Hoy con m\u00e1s de 30 a\u00f1os al servicio del sector cooperativo, la instituci\u00f3n ha crecido descentralizando su trabajo en oficinas ubicadas en las distintas zonas del pa\u00eds dando un servicio a trav\u00e9s de sus regionales en todo lo ancho y largo de El Salvador.<\/p>\n[\/et_pb_text][\/et_pb_column][\/et_pb_row][\/et_pb_section]\n","protected":false},"excerpt":{"rendered":"<p>Es una asociaci&oacute;n aut&oacute;noma de personas que se han unido voluntariamente para hacer frente a sus necesidades y aspiraciones econ&oacute;micas, sociales y culturales comunes por medio de una empresa de propiedad conjunta y democr&aacute;ticamente controlada.Historia del Cooperativismo La idea y la pr&aacute;ctica de la Cooperaci&oacute;n aplicadas a la soluci&oacute;n de problemas econ&oacute;micos aparecen en las [&hellip;]<\/p>\n","protected":false},"author":1,"featured_media":0,"parent":0,"menu_order":2,"comment_status":"closed","ping_status":"closed","template":"","meta":{"_et_pb_use_builder":"on","_et_pb_old_content":"","_et_gb_content_width":"","footnotes":""},"class_list":["post-76","page","type-page","status-publish","hentry"],"_links":{"self":[{"href":"https:\/\/www.fedecaces.com\/site\/wp-json\/wp\/v2\/pages\/76","targetHints":{"allow":["GET"]}}],"collection":[{"href":"https:\/\/www.fedecaces.com\/site\/wp-json\/wp\/v2\/pages"}],"about":[{"href":"https:\/\/www.fedecaces.com\/site\/wp-json\/wp\/v2\/types\/page"}],"author":[{"embeddable":true,"href":"https:\/\/www.fedecaces.com\/site\/wp-json\/wp\/v2\/users\/1"}],"replies":[{"embeddable":true,"href":"https:\/\/www.fedecaces.com\/site\/wp-json\/wp\/v2\/comments?post=76"}],"version-history":[{"count":6,"href":"https:\/\/www.fedecaces.com\/site\/wp-json\/wp\/v2\/pages\/76\/revisions"}],"predecessor-version":[{"id":636,"href":"https:\/\/www.fedecaces.com\/site\/wp-json\/wp\/v2\/pages\/76\/revisions\/636"}],"wp:attachment":[{"href":"https:\/\/www.fedecaces.com\/site\/wp-json\/wp\/v2\/media?parent=76"}],"curies":[{"name":"wp","href":"https:\/\/api.w.org\/{rel}","templated":true}]}}

[et_pb_section transparent_background=»off» allow_player_pause=»off» inner_shadow=»off» parallax=»off» parallax_method=»on» padding_mobile=»off» make_fullwidth=»off» use_custom_width=»off» width_unit=»off» custom_width_px=»1080px» custom_width_percent=»80%» make_equal=»off» use_custom_gutter=»off» fullwidth=»on» specialty=»off» admin_label=»Sección» disabled=»off»][et_pb_fullwidth_header title=»¿Qué es una Cooperativa?» background_layout=»dark» text_orientation=»center» header_fullscreen=»off» header_scroll_down=»off» scroll_down_icon=»%%3%%» background_color=»#333333&#8243; parallax=»off» parallax_method=»off» content_orientation=»center» image_orientation=»center» admin_label=»¿Qué es una Cooperativa?» title_font=»||||» title_font_size=»45px» subhead_font_size=»23px» content_font_size=»20px» custom_button_one=»off» button_one_text_size=»20&#8243; button_one_letter_spacing=»0&#8243; button_one_use_icon=»default» button_one_icon_placement=»right» button_one_on_hover=»on» button_one_letter_spacing_hover=»0&#8243; custom_button_two=»off» button_two_text_size=»20&#8243; button_two_letter_spacing=»0&#8243; button_two_use_icon=»default» button_two_icon_placement=»right» button_two_on_hover=»on» button_two_letter_spacing_hover=»0&#8243; disabled=»off»]
<p style="text-align: justify;">Es una asociaci&oacute;n aut&oacute;noma de personas que se han unido voluntariamente para hacer frente a sus necesidades y aspiraciones econ&oacute;micas, sociales y culturales comunes por medio de una empresa de propiedad conjunta y democr&aacute;ticamente controlada.</p>
[/et_pb_fullwidth_header][/et_pb_section][et_pb_section background_image=»http://www.fedecaces.com/site/wp-content/uploads/2016/10/identidad-bg-historia.jpg» transparent_background=»off» allow_player_pause=»off» inner_shadow=»off» parallax=»on» parallax_method=»on» padding_mobile=»off» make_fullwidth=»off» use_custom_width=»off» width_unit=»on» custom_width_px=»1080px» custom_width_percent=»80%» make_equal=»off» use_custom_gutter=»off» fullwidth=»off» specialty=»off» admin_label=»section» disabled=»off»][et_pb_row make_fullwidth=»on» use_custom_width=»off» width_unit=»off» custom_width_px=»1080px» custom_width_percent=»80%» use_custom_gutter=»off» gutter_width=»3&#8243; padding_mobile=»off» allow_player_pause=»off» parallax=»off» parallax_method=»on» make_equal=»off» column_padding_mobile=»on» parallax_1=»off» parallax_method_1=»on» parallax_2=»off» parallax_method_2=»on» parallax_3=»off» parallax_method_3=»on» parallax_4=»off» parallax_method_4=»on» admin_label=»row» disabled=»off»][et_pb_column type=»1_4&#8243; disabled=»off» parallax=»off» parallax_method=»on» column_padding_mobile=»on»][/et_pb_column][et_pb_column type=»1_2&#8243; disabled=»off» parallax=»off» parallax_method=»on» column_padding_mobile=»on»][et_pb_text background_layout=»light» text_orientation=»left» admin_label=»Historia» use_border_color=»off» border_style=»solid» disabled=»off»]
<h2>Historia del Cooperativismo</h2>
<p style="text-align: justify;">La idea y la pr&aacute;ctica de la Cooperaci&oacute;n aplicadas a la soluci&oacute;n de problemas econ&oacute;micos aparecen en las primeras etapas de la civilizaci&oacute;n. Muy pronto los hombres se dan cuenta de la necesidad de unirse con el fin de obtener los bienes y servicios indispensables. Los historiadores del cooperativismo est&aacute;n de acuerdo en se&ntilde;alar como antecedentes del sistema cooperativo, entre otros los siguientes:</p>
<ul>
<li style="text-align: justify;">Las organizaciones para la explotaci&oacute;n de la tierra en com&uacute;n de los babilonios (Hans Muller)</li>
<li style="text-align: justify;">La colonia comunal mantenida por los Esenios en Ein Guedi, a las orillas del Mar Muerto</li>
<li style="text-align: justify;">Sociedades Funerarias y de seguros entre los griegos y los romanos.</li>
<li style="text-align: justify;">Los &ldquo;&aacute;gapes&rdquo; de los primeros cristianos como forma primitiva de las cooperativas (Lujo Brentano)</li>
<li style="text-align: justify;">Vida agraria entre los germanos (Otto Gierke)</li>
<li style="text-align: justify;">Organizaciones agrarias y de trabajo entre los pueblos eslavos: el Mir y el Artel entre los rusos, la Zadruga de los serbios.</li>
<li style="text-align: justify;">Organizaci&oacute;n del trabajo y de la producci&oacute;n en el Manoir medieval (De Brouckere)</li>
<li style="text-align: justify;">Agrupaciones de los campesinos para la transformaci&oacute;n de la leche: &ldquo;queser&iacute;as&rdquo; de los armenios y de los campesinos europeos de los Alpes, del Jura y del Saboya.</li>
<li style="text-align: justify;">Organizaciones para el cultivo de la tierra y el trabajo en las organizaciones precolombinas, principalmente entre los Incas y los aztecas. Tambi&eacute;n la Minga y el Convite.</li>
<li style="text-align: justify;">Las Reducciones de los jesuitas en el Paraguay</li>
<li style="text-align: justify;">Las Cajas de Comunidad en la &eacute;poca de la colonizaci&oacute;n espa&ntilde;ola en Am&eacute;rica.</li>
<li style="text-align: justify;">Las colonias con el car&aacute;cter religioso de los inmigrantes en Norte Am&eacute;rica</li>
</ul>
<p style="text-align: justify;">Es necesario mencionar la &eacute;poca de la revoluci&oacute;n industrial ocurrida en Europa, especialmente en Gran Breta&ntilde;a, en el siglo que va desde 1750 a 1850 como una referencia hist&oacute;rica imprescindible. La revoluci&oacute;n industrial no fue solamente una revoluci&oacute;n pol&iacute;tica, fue principalmente una revoluci&oacute;n tecnol&oacute;gica influida por la utilizaci&oacute;n de algunos descubrimientos en la industria, entre ellos el del vapor aplicado a toda clase de maquinarias y el de la lanzadera y la hiladora mec&aacute;nica que transformaron la industria textil. La influencia de la revoluci&oacute;n industrial con sus caracter&iacute;sticas de desorden, sobre la clase trabajadora, produjo algunas reacciones cuyas consecuencias todav&iacute;a se pueden apreciar: la de los destructores de m&aacute;quinas, que fue duramente reprimida por el Estado, la del sindicalismo, la de los cartistas, o sea, aquella que se propuso lograr leyes favorables para el trabajador, y la que podemos denominar cooperativa&#8230;</p>
[/et_pb_text][et_pb_button button_url=»http://www.fedecaces.com/site/identidad-cooperativa/historia-del-cooperativismo/» url_new_window=»off» button_text=»Seguir leyendo» button_alignment=»center» background_layout=»light» admin_label=»Botón» custom_button=»off» button_text_size=»20&#8243; button_letter_spacing=»0&#8243; button_use_icon=»default» button_icon_placement=»right» button_on_hover=»on» button_letter_spacing_hover=»0&#8243; disabled=»off»] [/et_pb_button][/et_pb_column][et_pb_column type=»1_4&#8243; disabled=»off» parallax=»off» parallax_method=»on» column_padding_mobile=»on»][/et_pb_column][/et_pb_row][/et_pb_section][et_pb_section transparent_background=»off» background_color=»#006055&#8243; allow_player_pause=»off» inner_shadow=»off» parallax=»off» parallax_method=»off» padding_mobile=»off» make_fullwidth=»off» use_custom_width=»off» width_unit=»on» custom_width_px=»1080px» custom_width_percent=»80%» make_equal=»off» use_custom_gutter=»off» fullwidth=»off» specialty=»off» admin_label=»Sección» disabled=»off»][et_pb_row make_fullwidth=»off» use_custom_width=»off» width_unit=»off» custom_width_px=»1080px» custom_width_percent=»80%» use_custom_gutter=»off» gutter_width=»3&#8243; padding_mobile=»off» allow_player_pause=»off» parallax=»off» parallax_method=»on» make_equal=»off» column_padding_mobile=»on» parallax_1=»off» parallax_method_1=»on» parallax_2=»off» parallax_method_2=»on» parallax_3=»off» parallax_method_3=»on» parallax_4=»off» parallax_method_4=»on» admin_label=»Fila» disabled=»off»][et_pb_column type=»4_4&#8243; disabled=»off» parallax=»off» parallax_method=»on» column_padding_mobile=»on»][et_pb_text background_layout=»dark» text_orientation=»left» admin_label=»Texto» use_border_color=»off» border_style=»solid» disabled=»off»]
<h1>Historia de las Cooperativas en El Salvador</h1>
<p>&nbsp;</p>
<p>En el Salvador se escucha, por primera vez, del cooperativismo en forma teórica, en una cátedra de enseñanza, en la Facultad de Jurisprudencia y Ciencias Sociales de la Universidad Nacional. Fue en 1914, que se organiza la primera cooperativa, por un grupo de zapateros, en San Salvador en la cuesta del Palo Verde y en 1938, se funda La Cooperativa Algodonera.</p>
<p>Luego, el cooperativismo llegó al gremio de los empleados públicos, como un medio de defensa contra el agiotismo. Las cooperativas contaban con el apoyo del gobierno en turno, que aportaba capital inicial, pero los empleados identificaban el capital cedido por el gobierno, como propiedad de ellos y no creyeron que estaban obligados, por esa razón, a resarcir las cantidades que se les concedían en calidad de préstamo. Así bajo el surgimiento de secciones y departamentos en instituciones gubernamentales el sector inició su crecimiento hasta que el Estado decide centralizar este rol en una sola Institución que dirija y coordine la actividad cooperativa en el país.</p>
<p>Fue el 25 de noviembre de 1969 que la Asamblea Legislativa, promulgó el decreto No 560 que dio pie a la creación del INSAFOCOOP como una corporación de derecho público con autonomía en los aspectos económico y administrativo, ese mismo día se promulga la primera Ley General de Asociaciones Cooperativas. A falta de presupuesto que permitiera su funcionamiento el INSAFOCOOP comenzó a operar hasta el 1 de julio de 1971. Hoy con más de 30 años al servicio del sector cooperativo, la institución ha crecido descentralizando su trabajo en oficinas ubicadas en las distintas zonas del país dando un servicio a través de sus regionales en todo lo ancho y largo de El Salvador.</p>
[/et_pb_text][/et_pb_column][/et_pb_row][/et_pb_section]
